{"id":587,"date":"2024-03-11T14:09:36","date_gmt":"2024-03-11T18:09:36","guid":{"rendered":"https:\/\/passagerb53.com\/?page_id=587"},"modified":"2024-03-11T14:09:48","modified_gmt":"2024-03-11T18:09:48","slug":"mahsa-2-2","status":"publish","type":"page","link":"https:\/\/passagerb53.com\/?page_id=587","title":{"rendered":"Mahsa 2"},"content":{"rendered":"<p>[et_pb_section fb_built=\u00a0\u00bb1&Prime; _builder_version=\u00a0\u00bb4.23.1&Prime; _module_preset=\u00a0\u00bbdefault\u00a0\u00bb background_color=\u00a0\u00bb#cce9f3&Prime; global_colors_info=\u00a0\u00bb{}\u00a0\u00bb theme_builder_area=\u00a0\u00bbpost_content\u00a0\u00bb][et_pb_row module_id=\u00a0\u00bbEnglish\u00a0\u00bb _builder_version=\u00a0\u00bb4.23.1&Prime; _module_preset=\u00a0\u00bbdefault\u00a0\u00bb hover_enabled=\u00a0\u00bb0&Prime; global_colors_info=\u00a0\u00bb{}\u00a0\u00bb theme_builder_area=\u00a0\u00bbpost_content\u00a0\u00bb sticky_enabled=\u00a0\u00bb0&Prime;][et_pb_column type=\u00a0\u00bb4_4&Prime; _builder_version=\u00a0\u00bb4.23.1&Prime; _module_preset=\u00a0\u00bbdefault\u00a0\u00bb global_colors_info=\u00a0\u00bb{}\u00a0\u00bb theme_builder_area=\u00a0\u00bbpost_content\u00a0\u00bb][et_pb_text module_id=\u00a0\u00bbMoments22EN\u00a0\u00bb _builder_version=\u00a0\u00bb4.24.2&Prime; _module_preset=\u00a0\u00bbdefault\u00a0\u00bb text_text_color=\u00a0\u00bb#3063b5&Prime; text_font_size=\u00a0\u00bb15px\u00a0\u00bb header_font=\u00a0\u00bb|800|||||||\u00a0\u00bb header_text_align=\u00a0\u00bbcenter\u00a0\u00bb header_text_color=\u00a0\u00bb#3063b5&Prime; header_font_size=\u00a0\u00bb70px\u00a0\u00bb header_line_height=\u00a0\u00bb1.6em\u00a0\u00bb header_2_font=\u00a0\u00bbMontserrat|600|||||||\u00a0\u00bb header_2_text_align=\u00a0\u00bbcenter\u00a0\u00bb header_2_text_color=\u00a0\u00bb#3063b5&Prime; header_2_font_size=\u00a0\u00bb30px\u00a0\u00bb header_2_line_height=\u00a0\u00bb1.4em\u00a0\u00bb header_3_font=\u00a0\u00bb||||||||\u00a0\u00bb header_3_text_align=\u00a0\u00bbcenter\u00a0\u00bb header_3_text_color=\u00a0\u00bb#3063b5&Prime; header_3_font_size=\u00a0\u00bb35px\u00a0\u00bb header_4_font=\u00a0\u00bbMontserrat||||||||\u00a0\u00bb header_4_text_align=\u00a0\u00bbjustify\u00a0\u00bb header_4_text_color=\u00a0\u00bb#3063b5&Prime; header_4_font_size=\u00a0\u00bb19px\u00a0\u00bb header_4_line_height=\u00a0\u00bb1.4em\u00a0\u00bb text_orientation=\u00a0\u00bbcenter\u00a0\u00bb hover_enabled=\u00a0\u00bb0&Prime; header_font_size_tablet=\u00a0\u00bb70px\u00a0\u00bb header_font_size_phone=\u00a0\u00bb45px\u00a0\u00bb header_font_size_last_edited=\u00a0\u00bbon|phone\u00a0\u00bb header_2_font_size_tablet=\u00a0\u00bb30px\u00a0\u00bb header_2_font_size_phone=\u00a0\u00bb25px\u00a0\u00bb header_2_font_size_last_edited=\u00a0\u00bbon|phone\u00a0\u00bb global_colors_info=\u00a0\u00bb{}\u00a0\u00bb theme_builder_area=\u00a0\u00bbpost_content\u00a0\u00bb sticky_enabled=\u00a0\u00bb0&Prime;]<\/p>\n<div>\n<h1><span><b>Mahsa 2\u00a0<\/b><\/span><\/h1>\n<p style=\"text-align: left;\"><span>Le 27 f\u00e9vrier 2024, sur BBCNews, j\u2019ai trouv\u00e9:<\/span><\/p>\n<h4><span>Iranian women \u00ab\u00a0ready to pay the price\u00a0\u00bb for defying hijab rules\u2026.Les Femmes Iraniennes sont \u00ab\u00a0pr\u00eates \u00e0 payer le prix\u00a0\u00bb pour d\u00e9fier les r\u00e8gles du hijab.<\/span><\/h4>\n<p style=\"text-align: left;\"><span>Par Caroline Hawley,<\/span><\/p>\n<p style=\"text-align: left;\"><span>Correspondante diplomatique<br \/><\/span><\/p>\n<p style=\"text-align: center;\"><span><a target=\"_blank\" href=\"https:\/\/www.bbc.com\/news\/world-middle-east-68402016\" rel=\"noopener\">https:\/\/www.bbc.com\/news\/world-middle-east-68402016<\/a><\/span><\/p>\n<h4><span>Alors, le 5 mars 2024, j\u2019ai d\u00e9cid\u00e9 de publier sur la toile un article que j\u2019avais m\u00e9moris\u00e9 sept mois plus t\u00f4t. Le voici:<\/span><\/h4>\n<h4><span><b>La police des m\u0153urs fait un effrayant retour en Iran.\u00a0<\/b>La chasse aux femmes non voil\u00e9es a repris en Iran, o\u00f9 le refus de porter le hijab est d\u00e9sormais consid\u00e9r\u00e9 \u00e0 la fois comme un crime et comme une\u00a0<b>maladie mentale contagieuse<\/b>.\u00a0<\/span><\/h4>\n<h4><span>Dans le m\u00eame temps, une myst\u00e9rieuse vagued\u2019intoxications \u00e0 l\u2019alcool frelat\u00e9 fait des dizaines de morts. \u00c0 deux mois de l\u2019anniversaire du tabassage \u00e0 mort de\u00a0<b>Mahsa Amini<\/b>\u00a0pour un voile mal port\u00e9 le 16 septembre dernier, les sinistres fourgonnettes blanches de la police des m\u0153urs, identiques \u00e0 celle qui avait embarqu\u00e9 la jeune Kurde, ont refait leur apparition dans les rues des villes iraniennes.\u00a0<\/span><\/h4>\n<h4><span>Les premi\u00e8res images d\u2019arrestations montrent, entre autres, une femme en tchador noir immobilisant une femme sans voile, jusqu\u2019\u00e0 l\u2019arriv\u00e9e tr\u00e8s rapide de la camionnette des\u00a0<i>gasht-e ershad,\u00a0<\/i>litt\u00e9ralement\u00a0<i>\u00ab les patrouilles de l\u2019orientation islamique \u00bb<\/i>.\u00a0<\/span><\/h4>\n<h4><span>Jean-Pierre Perrin\u00a0<\/span><span>&#8211;\u00a0<\/span><span>22 juillet 2023 \u00e0 15h21\u00a0<\/span><\/h4>\n<p style=\"text-align: center;\"><span><a target=\"_blank\" href=\"https:\/\/www.mediapart.fr\/journal\/international\/220723\/la-police-des-moeurs-fait-un-effrayant-retour-en-iran\" rel=\"noopener\">https:\/\/www.mediapart.fr\/journal\/international\/220723\/la-police-des-moeurs-fait-un-effrayant-retour-en-iran<\/a><\/span><\/p>\n<h4><span>Deux jours apr\u00e8s l\u2019horrible nouvelle, le 18 septembre 2022 donc, j\u2019ai d\u00e9cid\u00e9, triste et pauvre consolation, d\u2019\u00e9crire deux textes courts d\u00e9di\u00e9s \u00e0\u00a0<b>Mahsa Jina Amini<\/b>. Voici un extrait du premier suivi du deuxi\u00e8me au complet.\u00a0<\/span><\/h4>\n<h2><span><b>Extrait<\/b><\/span><\/h2>\n<h4><span>Le pr\u00e9fixe grec\u00a0<b>apo<\/b>\u00a0veut dire \u00ab\u00a0<b>ne pas<\/b>\u00a0\u00bb et le verbe\u00a0<b>kaluptein<\/b>\u00a0veut dire \u00ab voiler, cacher \u00bb. Ensemble, cela donne \u00ab\u00a0<b>ne pas voiler, ne pas cacher<\/b>\u00a0\u00bb, c\u2019est-\u00e0-dire exactement, \u00e0 la lettre, ce que Mahsa Jina Amini a fait. Cela lui a co\u00fbt\u00e9 la vie.<\/span><span>\u00a0\u00a0 \u00a0 \u00a0 Elle n\u2019avait que\u00a0<\/span><span><b>22<\/b><\/span><span>\u00a0ans. Quelle tristesse! Quelle\u00a0<b>barbare id\u00e9ologie.\u00a0<\/b><\/span><\/h4>\n<h2><span><b>22<\/b><\/span><\/h2>\n<h4><span>Comme dans \u00ab\u00a0<b>Le nombre du coeur<\/b>\u00a0\u00bb<\/span><\/h4>\n<h3><span>L\u2019OREILLE NA\u00ceT LE JOUR O\u00d9 LE COEUR COMMENCE \u00c0 BATTRE,<\/span><\/h3>\n<h3><span>ET CE PRODIGIEUX JOUR-L\u00c0, C\u2019EST LE\u00a0<b>VINGT-DEUXI\u00c8ME<\/b>\u00a0JOUR.<\/span><\/h3>\n<h2><span><b>22<\/b><\/span><\/h2>\n<h4><span>Comme dans \u00ab\u00a0<b>Chanter est la plus noble fa\u00e7on de manifester sa libert\u00e9<\/b>\u00bb.<\/span><\/h4>\n<h4><span>\u00a0\u00a0 \u00a0 \u00a0 \u00a0 \u00a0 \u00a0 L\u2019heure est au choix, toujours\u00a0<\/span><span><b>22\u00a0<\/b><\/span><span>minutes apr\u00e8s l\u2019heure<\/span><\/h4>\n<h4><span>Du fond de sa prison meurtri\u00e8re, Mahsa,\u00a0<b>tortur\u00e9e<\/b>,\u00a0<b>viol\u00e9e<\/b>\u00a0et\u00a0<b>tu\u00e9e<\/b>\u00a0pour une m\u00e8che de cheveux qui d\u00e9bordait de son voile, Mahsa a pressenti que le temps est venu de mettre fin \u00e0 l\u2019apocalypse en cours, l\u2019apocalypse de la noirceur, l\u2019apocalypse de la terreur,\u00a0 l\u2019apocalypse de la domination m\u00e2le, l\u2019apocalypse de \u00ab\u00a0<\/span><span><span style=\"color: #ff0000;\"><b>ODERINT DUM METUANT<\/b>\u00a0<b>&#8211; Caligula<\/b><\/span>\u00a0<\/span><span>\u00bb. (Qu\u2019ils ha\u00efssent pourvu qu\u2019ils craignent).\u00a0<\/span><\/h4>\n<h2><span><br \/><\/span><span><b>Honte \u00e0 Seyyed Ali Hosseini Khameneh!<\/b><\/span><\/h2>\n<h4><span>Mahsa a annonc\u00e9 la fin du voile et, de ce fait, la fin de la mill\u00e9naire sous-humanisation des Femmes de partout dans le monde. Les conditions de son d\u00e9part sont le triste reflet de l\u2019\u00e9tat de grande barbarie dont certaines id\u00e9ologies dogmatiquement misogynes se nourrissent encore.\u00a0<\/span><\/h4>\n<h2><span><b>Partie 2<\/b><\/span><\/h2>\n<h4 style=\"text-align: center;\"><span>\u00c0\u00a0<b>Mahsa Jina Amini<\/b>\u00a0et \u00e0 toutes les Femmes Kurdes, Afghanes et Iraniennes\u00a0<\/span><\/h4>\n<h4><span>Cacher la Beaut\u00e9 de la Femme, c\u2019est M\u00c9PRISER la Vie.<br \/>Voiler la Beaut\u00e9 d&rsquo;une Femme, c&rsquo;est M\u00c9PRISER sa Vie.<br \/>Cacher la Beaut\u00e9 de la Femme, c&rsquo;est M\u00c9PRISER la Libert\u00e9.<br \/>Voiler la Beaut\u00e9 d&rsquo;une Femme, c&rsquo;est M\u00c9PRISER sa Libert\u00e9.<br \/>Cacher la Beaut\u00e9 de la Femme, c&rsquo;est M\u00c9PRISER son Unicit\u00e9.<br \/>Voiler la Beaut\u00e9 d&rsquo;une Femme, c&rsquo;est M\u00c9PRISER sa Diff\u00e9rence.<br \/>Cacher la Beaut\u00e9 de la Femme, c&rsquo;est M\u00c9PRISER sa F\u00e9minit\u00e9.<br \/>Voiler la Beaut\u00e9 d&rsquo;une Femme, c&rsquo;est M\u00c9PRISER sa Dignit\u00e9.<br \/>Cacher la Beaut\u00e9 de la Femme, c&rsquo;est M\u00c9PRISER l&rsquo;Alt\u00e9rit\u00e9.<br \/>Voiler la Beaut\u00e9 de la Femme, c&rsquo;est M\u00c9PRISER son Identit\u00e9<br \/>Cacher la Beaut\u00e9 de la Femme, c&rsquo;est M\u00c9PRISER L\u2019AMOUR\u00a0<\/span><\/h4>\n<h4 style=\"text-align: center;\"><span><b>Rien ne touche plus directement l\u2019\u00e2me que la beaut\u00e9.<\/b><\/span><\/h4>\n<p style=\"text-align: center;\"><span>Joseph Campbell (1904 &#8211; 1987)<\/span><\/p>\n<\/div>\n<p>[\/et_pb_text][\/et_pb_column][\/et_pb_row][\/et_pb_section]<\/p>\n","protected":false},"excerpt":{"rendered":"<p>Mahsa 2\u00a0 Le 27 f\u00e9vrier 2024, sur BBCNews, j\u2019ai trouv\u00e9: Iranian women \u00ab\u00a0ready to pay the price\u00a0\u00bb for defying hijab rules\u2026.Les Femmes Iraniennes sont \u00ab\u00a0pr\u00eates \u00e0 payer le prix\u00a0\u00bb pour d\u00e9fier les r\u00e8gles du hijab. Par Caroline Hawley, Correspondante diplomatique https:\/\/www.bbc.com\/news\/world-middle-east-68402016 Alors, le 5 mars 2024, j\u2019ai d\u00e9cid\u00e9 de publier sur la toile un article [&hellip;]<\/p>\n","protected":false},"author":2,"featured_media":0,"parent":0,"menu_order":0,"comment_status":"closed","ping_status":"closed","template":"","meta":{"_et_pb_use_builder":"on","_et_pb_old_content":"","_et_gb_content_width":"","footnotes":""},"class_list":["post-587","page","type-page","status-publish","hentry"],"aioseo_notices":[],"_links":{"self":[{"href":"https:\/\/passagerb53.com\/index.php?rest_route=\/wp\/v2\/pages\/587","targetHints":{"allow":["GET"]}}],"collection":[{"href":"https:\/\/passagerb53.com\/index.php?rest_route=\/wp\/v2\/pages"}],"about":[{"href":"https:\/\/passagerb53.com\/index.php?rest_route=\/wp\/v2\/types\/page"}],"author":[{"embeddable":true,"href":"https:\/\/passagerb53.com\/index.php?rest_route=\/wp\/v2\/users\/2"}],"replies":[{"embeddable":true,"href":"https:\/\/passagerb53.com\/index.php?rest_route=%2Fwp%2Fv2%2Fcomments&post=587"}],"version-history":[{"count":3,"href":"https:\/\/passagerb53.com\/index.php?rest_route=\/wp\/v2\/pages\/587\/revisions"}],"predecessor-version":[{"id":590,"href":"https:\/\/passagerb53.com\/index.php?rest_route=\/wp\/v2\/pages\/587\/revisions\/590"}],"wp:attachment":[{"href":"https:\/\/passagerb53.com\/index.php?rest_route=%2Fwp%2Fv2%2Fmedia&parent=587"}],"curies":[{"name":"wp","href":"https:\/\/api.w.org\/{rel}","templated":true}]}}